{"id":196,"date":"2023-01-12T15:46:06","date_gmt":"2023-01-12T15:46:06","guid":{"rendered":"https:\/\/heku-brandschutz.com\/?page_id=196"},"modified":"2023-01-31T09:30:38","modified_gmt":"2023-01-31T09:30:38","slug":"impressum","status":"publish","type":"page","link":"https:\/\/heku-brandschutz.de\/?page_id=196","title":{"rendered":"Impressum"},"content":{"rendered":"<p>[et_pb_section fb_built=&#8220;1&#8243; admin_label=&#8220;HomeTopSplitter&#8220; _builder_version=&#8220;4.19.4&#8243; _module_preset=&#8220;default&#8220; background_color=&#8220;#d2104b&#8220; use_background_color_gradient=&#8220;on&#8220; background_color_gradient_direction=&#8220;146deg&#8220; background_color_gradient_stops=&#8220;#3f000c 0%|#d2104b 100%&#8220; custom_margin=&#8220;||||false|false&#8220; custom_padding=&#8220;0px||0px||false|false&#8220; global_colors_info=&#8220;{}&#8220; background__hover_enabled=&#8220;off|desktop&#8220;][et_pb_row _builder_version=&#8220;4.19.4&#8243; _module_preset=&#8220;default&#8220; global_colors_info=&#8220;{}&#8220;][et_pb_column type=&#8220;4_4&#8243; _builder_version=&#8220;4.19.4&#8243; _module_preset=&#8220;default&#8220; global_colors_info=&#8220;{}&#8220;][et_pb_image src=&#8220;https:\/\/heku-brandschutz.de\/wp-content\/uploads\/2023\/01\/cropped-HEKU-Logo.png&#8220; title_text=&#8220;cropped-HEKU-Logo.png&#8220; align=&#8220;center&#8220; _builder_version=&#8220;4.19.4&#8243; _module_preset=&#8220;default&#8220; max_width=&#8220;180px&#8220; hover_enabled=&#8220;0&#8243; global_colors_info=&#8220;{}&#8220; sticky_enabled=&#8220;0&#8243;][\/et_pb_image][\/et_pb_column][\/et_pb_row][\/et_pb_section][et_pb_section fb_built=&#8220;1&#8243; admin_label=&#8220;HomeTopSplitter&#8220; _builder_version=&#8220;4.19.4&#8243; _module_preset=&#8220;default&#8220; background_color=&#8220;#FFFFFF&#8220; custom_margin=&#8220;||20px||false|false&#8220; custom_padding=&#8220;0px||0px||false|false&#8220; box_shadow_style=&#8220;preset3&#8243; locked=&#8220;off&#8220; global_colors_info=&#8220;{}&#8220; background__hover_enabled=&#8220;off|desktop&#8220;][et_pb_row _builder_version=&#8220;4.19.4&#8243; _module_preset=&#8220;default&#8220; global_colors_info=&#8220;{}&#8220;][et_pb_column type=&#8220;4_4&#8243; _builder_version=&#8220;4.19.4&#8243; _module_preset=&#8220;default&#8220; global_colors_info=&#8220;{}&#8220;][et_pb_text _builder_version=&#8220;4.19.4&#8243; _module_preset=&#8220;default&#8220; text_text_color=&#8220;#d2104b&#8220; header_text_color=&#8220;#d2104b&#8220; text_orientation=&#8220;center&#8220; global_colors_info=&#8220;{}&#8220;]<\/p>\n<h1>Impressum<\/h1>\n<p>[\/et_pb_text][\/et_pb_column][\/et_pb_row][\/et_pb_section][et_pb_section fb_built=&#8220;1&#8243; _builder_version=&#8220;4.19.4&#8243; _module_preset=&#8220;default&#8220; custom_padding=&#8220;20px||20px||false|false&#8220; global_colors_info=&#8220;{}&#8220;][et_pb_row make_equal=&#8220;on&#8220; _builder_version=&#8220;4.19.4&#8243; _module_preset=&#8220;default&#8220; locked=&#8220;off&#8220; global_colors_info=&#8220;{}&#8220;][et_pb_column type=&#8220;4_4&#8243; _builder_version=&#8220;4.19.4&#8243; _module_preset=&#8220;default&#8220; custom_padding=&#8220;20px|20px|20px|20px|false|false&#8220; box_shadow_style=&#8220;preset1&#8243; global_colors_info=&#8220;{}&#8220;][et_pb_text _builder_version=&#8220;4.19.4&#8243; _module_preset=&#8220;default&#8220; custom_margin=&#8220;||10px||false|false&#8220; global_colors_info=&#8220;{}&#8220;]<\/p>\n<h3>Angaben gem\u00e4\u00df \u00a75 TMG<\/h3>\n<p>[\/et_pb_text][et_pb_text _builder_version=&#8220;4.19.4&#8243; _module_preset=&#8220;default&#8220; global_colors_info=&#8220;{}&#8220;]<\/p>\n<table style=\"border-collapse: collapse; width: 67.9315%;\">\n<tbody>\n<tr>\n<td style=\"width: 27.2338%;\">Firmenbezeichnung<\/td>\n<td style=\"width: 40.6977%;\">HEKU Brandschutz GmbH<\/td>\n<\/tr>\n<tr>\n<td style=\"width: 27.2338%;\">Gesch\u00e4ftsf\u00fchrung<\/td>\n<td style=\"width: 40.6977%;\">Stefan Kupka, Daniel Reisert<\/td>\n<\/tr>\n<tr>\n<td style=\"width: 27.2338%;\">Postanschrift<\/td>\n<td style=\"width: 40.6977%;\">Peterhofstra\u00dfe 2, 86438 Kissing<\/td>\n<\/tr>\n<tr>\n<td style=\"width: 27.2338%;\">Handelsregister<\/td>\n<td style=\"width: 40.6977%;\">HRB 9660, Amtsgericht Augsburg<\/td>\n<\/tr>\n<tr>\n<td style=\"width: 27.2338%;\">UmsatzsteuerID<\/td>\n<td style=\"width: 40.6977%;\">102\/128\/20461<\/td>\n<\/tr>\n<tr>\n<td style=\"width: 27.2338%;\">zust\u00e4ndige Aufsichtsbeh\u00f6rde<\/td>\n<td style=\"width: 40.6977%;\">Bayerisches Landesamt f\u00fcr Datenschutzaufsicht<\/td>\n<\/tr>\n<tr>\n<td style=\"width: 27.2338%;\">Telefon<\/td>\n<td style=\"width: 40.6977%;\">08233 \/ 79537-0<\/td>\n<\/tr>\n<tr>\n<td style=\"width: 27.2338%;\">Telefax<\/td>\n<td style=\"width: 40.6977%;\">08233 \/ 79537-15<\/td>\n<\/tr>\n<tr>\n<td style=\"width: 27.2338%;\">E-Mail<\/td>\n<td style=\"width: 40.6977%;\">info@heku-brandschutz.de<\/td>\n<\/tr>\n<tr>\n<td style=\"width: 27.2338%;\">Design &amp; Umsetzung<\/td>\n<td style=\"width: 40.6977%;\"><a href=\"https:\/\/ux-factory.de\" target=\"_blank\" rel=\"noopener\" title=\"UX-Factory\">UX Factory<\/a><\/td>\n<\/tr>\n<\/tbody>\n<\/table>\n<p>[\/et_pb_text][et_pb_text _builder_version=&#8220;4.19.4&#8243; _module_preset=&#8220;default&#8220; custom_margin=&#8220;||10px||false|false&#8220; global_colors_info=&#8220;{}&#8220;]<\/p>\n<h3>EU-Streitschlichtung<\/h3>\n<p>[\/et_pb_text][et_pb_text _builder_version=&#8220;4.19.4&#8243; _module_preset=&#8220;default&#8220; global_colors_info=&#8220;{}&#8220;]<\/p>\n<p style=\"text-align: justify;\" data-renderer-start-pos=\"99\">Mit Inkrafttreten der EU-Verordnung Nr. 524\/2013 soll der Verbraucherschutz gest\u00e4rkt werden. Dazu hat die EU eine Plattform zur Vereinfachung der Streitbeilegung zwischen Verbrauchern und Unternehmen bei Schwierigkeiten in der Vertragsabwicklung ins Leben gerufen. Diese soll eine EU-weite Institution f\u00fcr Streitfragen darstellen, die sowohl schnelle als auch kosteng\u00fcnstige Hilfe bieten kann. Es steht Ihnen selbstverst\u00e4ndlich weiterhin frei, den Rechtsweg zu bestreiten. Sie finden die Plattform unter <a class=\"sc-1ko78hw-0 fiVZLH\" title=\"https:\/\/ec.europa.eu\/consumers\/odr\/\" href=\"https:\/\/ec.europa.eu\/consumers\/odr\/\" data-renderer-mark=\"true\">https:\/\/ec.europa.eu\/consumers\/odr\/<\/a>.<\/p>\n<p>[\/et_pb_text][et_pb_text _builder_version=&#8220;4.19.4&#8243; _module_preset=&#8220;default&#8220; custom_margin=&#8220;||10px||false|false&#8220; global_colors_info=&#8220;{}&#8220;]<\/p>\n<h3>Haftung f\u00fcr Inhalte<\/h3>\n<p>[\/et_pb_text][et_pb_text _builder_version=&#8220;4.19.4&#8243; _module_preset=&#8220;default&#8220; global_colors_info=&#8220;{}&#8220;]<\/p>\n<p style=\"text-align: justify;\">Als Diensteanbieter sind wir gem\u00e4\u00df \u00a7 7 Abs.1 TMG f\u00fcr eigene Inhalte auf diesen Seiten nach den allgemeinen Gesetzen verantwortlich. Nach \u00a7\u00a7 8 bis 10 TMG sind wir als Diensteanbieter jedoch nicht verpflichtet, \u00fcbermittelte oder gespeicherte fremde Informationen zu \u00fcberwachen oder nach Umst\u00e4nden zu forschen, die auf eine rechtswidrige T\u00e4tigkeit hinweisen.<br \/>Verpflichtungen zur Entfernung oder Sperrung der Nutzung von Informationen nach den allgemeinen Gesetzen bleiben hiervon unber\u00fchrt. Eine diesbez\u00fcgliche Haftung ist jedoch erst ab dem Zeitpunkt der Kenntnis einer konkreten Rechtsverletzung m\u00f6glich. Bei Bekanntwerden von entsprechenden Rechtsverletzungen werden wir diese Inhalte umgehend entfernen.<\/p>\n<p style=\"text-align: justify;\" data-renderer-start-pos=\"77\">\n<p>[\/et_pb_text][et_pb_text _builder_version=&#8220;4.19.4&#8243; _module_preset=&#8220;default&#8220; custom_margin=&#8220;||10px||false|false&#8220; global_colors_info=&#8220;{}&#8220;]<\/p>\n<h3>Haftung f\u00fcr Links<\/h3>\n<p>[\/et_pb_text][et_pb_text _builder_version=&#8220;4.19.4&#8243; _module_preset=&#8220;default&#8220; global_colors_info=&#8220;{}&#8220;]<\/p>\n<h4 style=\"text-align: justify;\" data-renderer-start-pos=\"77\"><\/h4>\n<p style=\"text-align: justify;\" data-renderer-start-pos=\"77\">Unser Angebot enth\u00e4lt Links zu externen Webseiten Dritter, auf deren Inhalte wir keinen Einfluss haben. Deshalb k\u00f6nnen wir f\u00fcr diese fremden Inhalte auch keine Gew\u00e4hr \u00fcbernehmen. F\u00fcr die Inhalte der verlinkten Seiten ist stets der jeweilige Anbieter oder Betreiber der Seiten verantwortlich. Die verlinkten Seiten wurden zum Zeitpunkt der<br \/>Verlinkung auf m\u00f6gliche Rechtsverst\u00f6\u00dfe \u00fcberpr\u00fcft. Rechtswidrige Inhalte waren zum Zeitpunkt der Verlinkung nicht erkennbar. Eine permanente inhaltliche Kontrolle der verlinkten Seiten ist jedoch ohne konkrete Anhaltspunkte einer Rechtsverletzung nicht zumutbar. Bei Bekanntwerden von Rechtsverletzungen werden wir derartige Links umgehend entfernen.<\/p>\n<p>[\/et_pb_text][et_pb_text _builder_version=&#8220;4.19.4&#8243; _module_preset=&#8220;default&#8220; custom_margin=&#8220;||10px||false|false&#8220; global_colors_info=&#8220;{}&#8220;]<\/p>\n<h3>Urheberrecht<\/h3>\n<p>[\/et_pb_text][et_pb_text _builder_version=&#8220;4.19.4&#8243; _module_preset=&#8220;default&#8220; global_colors_info=&#8220;{}&#8220;]<\/p>\n<p style=\"text-align: justify;\" data-renderer-start-pos=\"77\">Die durch die Seitenbetreiber erstellten Inhalte und Werke auf diesen Seiten unterliegen dem deutschen Urheberrecht. Die Vervielf\u00e4ltigung, Bearbeitung, Verbreitung und jede Art der Verwertung au\u00dferhalb der Grenzen des Urheberrechtes bed\u00fcrfen der schriftlichen Zustimmung des jeweiligen Autors bzw. Erstellers. Downloads und Kopien dieser Seite sind nur f\u00fcr den privaten, nicht kommerziellen Gebrauch gestattet.<br \/>Soweit die Inhalte auf dieser Seite nicht vom Betreiber erstellt wurden, werden die Urheberrechte Dritter beachtet. Insbesondere werden Inhalte Dritter als solche gekennzeichnet. Sollten Sie trotzdem auf eine Urheberrechtsverletzung aufmerksam werden, bitten wir um einen entsprechenden Hinweis. Bei Bekanntwerden von Rechtsverletzungen werden wir derartige Inhalte umgehend entfernen.<\/p>\n<p>[\/et_pb_text][\/et_pb_column][\/et_pb_row][\/et_pb_section][et_pb_section fb_built=&#8220;1&#8243; _builder_version=&#8220;4.19.4&#8243; _module_preset=&#8220;default&#8220; background_color=&#8220;#d2104b&#8220; custom_margin=&#8220;16px||||false|false&#8220; custom_padding=&#8220;0px||0px||false|false&#8220; global_module=&#8220;216&#8243; saved_tabs=&#8220;all&#8220; global_colors_info=&#8220;{}&#8220;][et_pb_row _builder_version=&#8220;4.19.4&#8243; _module_preset=&#8220;default&#8220; custom_padding=&#8220;15px||15px||false|false&#8220; global_colors_info=&#8220;{}&#8220;][et_pb_column type=&#8220;4_4&#8243; _builder_version=&#8220;4.19.4&#8243; _module_preset=&#8220;default&#8220; global_colors_info=&#8220;{}&#8220;][et_pb_text _builder_version=&#8220;4.19.4&#8243; _module_preset=&#8220;default&#8220; text_text_color=&#8220;#FFFFFF&#8220; global_colors_info=&#8220;{}&#8220;]<\/p>\n<p><span style=\"color: #ffffff;\"><a href=\"https:\/\/heku-brandschutz.de\/?page_id=196\" title=\"Impressum\"><span style=\"color: #ffffff;\">Impressum<\/span> <\/a>| <a href=\"https:\/\/heku-brandschutz.de\/?page_id=201\" title=\"Datenschutzerkl\u00e4rung\" style=\"color: #ffffff;\">Datenschutzerkl\u00e4rung<\/a><\/span><\/p>\n<p>[\/et_pb_text][\/et_pb_column][\/et_pb_row][\/et_pb_section]<\/p>\n","protected":false},"excerpt":{"rendered":"<p>ImpressumAngaben gem\u00e4\u00df \u00a75 TMG Firmenbezeichnung HEKU Brandschutz GmbH Gesch\u00e4ftsf\u00fchrung Stefan Kupka, Daniel Reisert Postanschrift Peterhofstra\u00dfe 2, 86438 Kissing Handelsregister HRB 9660, Amtsgericht Augsburg UmsatzsteuerID 102\/128\/20461 zust\u00e4ndige Aufsichtsbeh\u00f6rde Bayerisches Landesamt f\u00fcr Datenschutzaufsicht Telefon 08233 \/ 79537-0 Telefax 08233 \/ 79537-15 E-Mail info@heku-brandschutz.de Design &amp; Umsetzung UX Factory EU-StreitschlichtungMit Inkrafttreten der EU-Verordnung Nr. 524\/2013 soll der Verbraucherschutz [&hellip;]<\/p>\n","protected":false},"author":1,"featured_media":0,"parent":0,"menu_order":0,"comment_status":"closed","ping_status":"closed","template":"","meta":{"_et_pb_use_builder":"on","_et_pb_old_content":"","_et_gb_content_width":"","footnotes":""},"class_list":["post-196","page","type-page","status-publish","hentry"],"_links":{"self":[{"href":"https:\/\/heku-brandschutz.de\/index.php?rest_route=\/wp\/v2\/pages\/196","targetHints":{"allow":["GET"]}}],"collection":[{"href":"https:\/\/heku-brandschutz.de\/index.php?rest_route=\/wp\/v2\/pages"}],"about":[{"href":"https:\/\/heku-brandschutz.de\/index.php?rest_route=\/wp\/v2\/types\/page"}],"author":[{"embeddable":true,"href":"https:\/\/heku-brandschutz.de\/index.php?rest_route=\/wp\/v2\/users\/1"}],"replies":[{"embeddable":true,"href":"https:\/\/heku-brandschutz.de\/index.php?rest_route=%2Fwp%2Fv2%2Fcomments&post=196"}],"version-history":[{"count":8,"href":"https:\/\/heku-brandschutz.de\/index.php?rest_route=\/wp\/v2\/pages\/196\/revisions"}],"predecessor-version":[{"id":332,"href":"https:\/\/heku-brandschutz.de\/index.php?rest_route=\/wp\/v2\/pages\/196\/revisions\/332"}],"wp:attachment":[{"href":"https:\/\/heku-brandschutz.de\/index.php?rest_route=%2Fwp%2Fv2%2Fmedia&parent=196"}],"curies":[{"name":"wp","href":"https:\/\/api.w.org\/{rel}","templated":true}]}}